{"id":1268,"date":"2025-06-23T17:55:58","date_gmt":"2025-06-23T20:55:58","guid":{"rendered":"https:\/\/www.reportercatolico.com.br\/radio\/site\/?page_id=1268"},"modified":"2026-04-02T11:05:31","modified_gmt":"2026-04-02T14:05:31","slug":"videos","status":"publish","type":"page","link":"https:\/\/www.reportercatolico.com.br\/radio\/site\/videos\/","title":{"rendered":"Videos"},"content":{"rendered":"<div class=\"wpb-content-wrapper\"><p>[vc_row][vc_column width=&#8221;1\/3&#8243;][\/vc_column][vc_column width=&#8221;1\/3&#8243;][\/vc_column][vc_column width=&#8221;1\/3&#8243;]<div id=\"cz_8020\" class=\"cz_8020 cz_video_popup clr cz_video_popup_c\"><div><div class=\"cz_vp_c\"><a href=\"https:\/\/www.youtube.com\/watch?v=M9xKURxtnuo\"><img decoding=\"async\" loading=\"lazy\" src=\"https:\/\/img.youtube.com\/vi\/M9xKURxtnuo\/sddefault.jpg\" class=\"\" width=\"500\" height=\"500\" alt=\"image\" \/><div class=\"cz_vp_inner\"><span><i class=\"fa fa-play\"><\/i><\/span><\/div><\/a><\/div><\/div><\/div>[vc_column_text css=&#8221;&#8221;]Quarta-feira de Cinzas na Catedral de Santo Ant\u00f4nio em Jequi\u00e9[\/vc_column_text][\/vc_column][\/vc_row][vc_row][vc_column width=&#8221;1\/3&#8243;]<div id=\"cz_27467\" class=\"cz_27467 cz_video_popup clr cz_video_popup_c\"><div><div class=\"cz_vp_c\"><a href=\"https:\/\/www.youtube.com\/watch?v=5Ii5UXqf8gU&amp;t=12s\"><img decoding=\"async\" loading=\"lazy\" src=\"https:\/\/img.youtube.com\/vi\/5Ii5UXqf8gU\/sddefault.jpg\" class=\"\" width=\"500\" height=\"500\" alt=\"image\" \/><div class=\"cz_vp_inner\"><span><i class=\"fa fa-play\"><\/i><\/span><\/div><\/a><\/div><\/div><\/div>[vc_column_text css=&#8221;&#8221;]Pe. Alberto Cardoso, diocese de Jequi\u00e9-Ba. 25\u00ba Domingo do Tempo Comum[\/vc_column_text][\/vc_column][vc_column width=&#8221;1\/3&#8243;]<div id=\"cz_22445\" class=\"cz_22445 cz_video_popup clr cz_video_popup_c\"><div><div class=\"cz_vp_c\"><a href=\"https:\/\/www.youtube.com\/watch?v=B7wEYaVl25Q\"><img decoding=\"async\" loading=\"lazy\" src=\"https:\/\/img.youtube.com\/vi\/B7wEYaVl25Q\/sddefault.jpg\" class=\"\" width=\"500\" height=\"500\" alt=\"image\" \/><div class=\"cz_vp_inner\"><span><i class=\"fa fa-play\"><\/i><\/span><\/div><\/a><\/div><\/div><\/div>[vc_column_text css=&#8221;&#8221;]Artes\u00e3o Samuel, praia do flamengo Salvador, Bahia[\/vc_column_text][\/vc_column][vc_column width=&#8221;1\/3&#8243;]<div id=\"cz_106304\" class=\"cz_106304 cz_video_popup clr cz_video_popup_c\"><div><div class=\"cz_vp_c\"><a href=\"https:\/\/www.youtube.com\/watch?v=EetZK1qhqFY\"><img decoding=\"async\" loading=\"lazy\" src=\"https:\/\/img.youtube.com\/vi\/EetZK1qhqFY\/sddefault.jpg\" class=\"\" width=\"500\" height=\"500\" alt=\"image\" \/><div class=\"cz_vp_inner\"><span><i class=\"fa fa-play\"><\/i><\/span><\/div><\/a><\/div><\/div><\/div>[vc_column_text css=&#8221;&#8221;]Santu\u00e1rio Arquidiocesano Nossa Senhora da Concei\u00e7\u00e3o Aparecida Salvador-Ba[\/vc_column_text][\/vc_column][\/vc_row][vc_row][vc_column width=&#8221;1\/3&#8243;]<div id=\"cz_38181\" class=\"cz_38181 cz_video_popup clr cz_video_popup_c\"><div><div class=\"cz_vp_c\"><a href=\"https:\/\/www.youtube.com\/watch?v=q5swt0oMH7c&amp;list=RDq5swt0oMH7c&amp;start_radio=1\"><img decoding=\"async\" loading=\"lazy\" src=\"https:\/\/img.youtube.com\/vi\/q5swt0oMH7c\/sddefault.jpg\" class=\"\" width=\"500\" height=\"500\" alt=\"image\" \/><div class=\"cz_vp_inner\"><span><i class=\"fa fa-play\"><\/i><\/span><\/div><\/a><\/div><\/div><\/div>[vc_column_text css=&#8221;&#8221;]Bossa Nova con Jes\u00fas. M\u00fasica suave y con ritmo para adorar[\/vc_column_text][\/vc_column][vc_column width=&#8221;1\/3&#8243;]<div id=\"cz_71398\" class=\"cz_71398 cz_video_popup clr cz_video_popup_c\"><div><div class=\"cz_vp_c\"><a href=\"https:\/\/www.youtube.com\/watch?v=YP1P5Aoyo_M\"><img decoding=\"async\" loading=\"lazy\" src=\"https:\/\/img.youtube.com\/vi\/YP1P5Aoyo_M\/sddefault.jpg\" class=\"\" width=\"500\" height=\"500\" alt=\"image\" \/><div class=\"cz_vp_inner\"><span><i class=\"fa fa-play\"><\/i><\/span><\/div><\/a><\/div><\/div><\/div>[vc_column_text css=&#8221;&#8221;]Bossa Nova para Jes\u00fas \u2013 Adoraci\u00f3n Suave y Profunda[\/vc_column_text][\/vc_column][vc_column width=&#8221;1\/3&#8243;]<div id=\"cz_91038\" class=\"cz_91038 cz_video_popup clr cz_video_popup_c\"><div><div class=\"cz_vp_c\"><a href=\"https:\/\/www.youtube.com\/watch?v=oQA-74UBTy0&amp;t=20s\"><img decoding=\"async\" loading=\"lazy\" src=\"https:\/\/img.youtube.com\/vi\/oQA-74UBTy0\/sddefault.jpg\" class=\"\" width=\"500\" height=\"500\" alt=\"image\" \/><div class=\"cz_vp_inner\"><span><i class=\"fa fa-play\"><\/i><\/span><\/div><\/a><\/div><\/div><\/div>[vc_column_text css=&#8221;&#8221;]Presidente da Associa\u00e7\u00e3o dos Moradores da Caixa D\u2019\u00e1gua Mar\u00e7os Garapa[\/vc_column_text][\/vc_column][\/vc_row][vc_row][vc_column width=&#8221;1\/3&#8243;]<div id=\"cz_49249\" class=\"cz_49249 cz_video_popup clr cz_video_popup_c\"><div><div class=\"cz_vp_c\"><a href=\"https:\/\/www.youtube.com\/watch?v=j7e6CXuNDYc\"><img decoding=\"async\" loading=\"lazy\" src=\"https:\/\/img.youtube.com\/vi\/j7e6CXuNDYc\/sddefault.jpg\" class=\"\" width=\"500\" height=\"500\" alt=\"image\" \/><div class=\"cz_vp_inner\"><span><i class=\"fa fa-play\"><\/i><\/span><\/div><\/a><\/div><\/div><\/div>[vc_column_text css=&#8221;&#8221;]Historinha \u2013 A ora\u00e7\u00e3o ego\u00edsta &#8211; Narrada pelo Radialista Valdivino Filho, o amigo Vado[\/vc_column_text][\/vc_column][vc_column width=&#8221;1\/3&#8243;]<div id=\"cz_74416\" class=\"cz_74416 cz_video_popup clr cz_video_popup_c\"><div><div class=\"cz_vp_c\"><a href=\"https:\/\/www.youtube.com\/watch?v=-yR1V5-EIdw\"><img decoding=\"async\" loading=\"lazy\" src=\"https:\/\/img.youtube.com\/vi\/-yR1V5-EIdw\/sddefault.jpg\" class=\"\" width=\"500\" height=\"500\" alt=\"image\" \/><div class=\"cz_vp_inner\"><span><i class=\"fa fa-play\"><\/i><\/span><\/div><\/a><\/div><\/div><\/div>[vc_column_text css=&#8221;&#8221;]Lan\u00e7amento da Festa de N. Senhora do Perpetuo Socorro-Jequi\u00e9\/BA[\/vc_column_text][\/vc_column][vc_column width=&#8221;1\/3&#8243;]<div id=\"cz_101786\" class=\"cz_101786 cz_video_popup clr cz_video_popup_c\"><div><div class=\"cz_vp_c\"><a href=\"https:\/\/www.youtube.com\/watch?v=475Ikn64rQQ&amp;t=3s\"><img decoding=\"async\" loading=\"lazy\" src=\"https:\/\/img.youtube.com\/vi\/475Ikn64rQQ\/sddefault.jpg\" class=\"\" width=\"500\" height=\"500\" alt=\"image\" \/><div class=\"cz_vp_inner\"><span><i class=\"fa fa-play\"><\/i><\/span><\/div><\/a><\/div><\/div><\/div>[vc_column_text css=&#8221;&#8221;]Funda\u00e7\u00e3o Leur Brito &#8211; 66 anos de exist\u00eancia \u2013 1\u00ba de maio, 2024[\/vc_column_text][\/vc_column][\/vc_row][vc_row][vc_column width=&#8221;1\/3&#8243;]<div id=\"cz_62765\" class=\"cz_62765 cz_video_popup clr cz_video_popup_c\"><div><div class=\"cz_vp_c\"><a href=\"https:\/\/www.youtube.com\/watch?v=bcMX5x8AdeY\"><img decoding=\"async\" loading=\"lazy\" src=\"https:\/\/img.youtube.com\/vi\/bcMX5x8AdeY\/sddefault.jpg\" class=\"\" width=\"500\" height=\"500\" alt=\"image\" \/><div class=\"cz_vp_inner\"><span><i class=\"fa fa-play\"><\/i><\/span><\/div><\/a><\/div><\/div><\/div>[vc_column_text css=&#8221;&#8221;]Encontro Diocesano da Legi\u00e3o de Maria &#8211; Diocese de Jequi\u00e9 &#8211; Ba 01\/09\/24[\/vc_column_text][\/vc_column][vc_column width=&#8221;1\/3&#8243;]<div id=\"cz_39521\" class=\"cz_39521 cz_video_popup clr cz_video_popup_c\"><div><div class=\"cz_vp_c\"><a href=\"https:\/\/www.youtube.com\/watch?v=Q8HAiMyr6OU\"><img decoding=\"async\" loading=\"lazy\" src=\"https:\/\/img.youtube.com\/vi\/Q8HAiMyr6OU\/sddefault.jpg\" class=\"\" width=\"500\" height=\"500\" alt=\"image\" \/><div class=\"cz_vp_inner\"><span><i class=\"fa fa-play\"><\/i><\/span><\/div><\/a><\/div><\/div><\/div>[vc_column_text css=&#8221;&#8221;]Flavinho &#8211; Deus \u00e9 Maior + Barra Grande &#8211; Bahia[\/vc_column_text][\/vc_column][vc_column width=&#8221;1\/3&#8243;]<div id=\"cz_29787\" class=\"cz_29787 cz_video_popup clr cz_video_popup_c\"><div><div class=\"cz_vp_c\"><a href=\"https:\/\/www.youtube.com\/watch?v=2jcVA_MYHFI\"><img decoding=\"async\" loading=\"lazy\" src=\"https:\/\/img.youtube.com\/vi\/2jcVA_MYHFI\/sddefault.jpg\" class=\"\" width=\"500\" height=\"500\" alt=\"image\" \/><div class=\"cz_vp_inner\"><span><i class=\"fa fa-play\"><\/i><\/span><\/div><\/a><\/div><\/div><\/div>[vc_column_text css=&#8221;&#8221;]Jequi\u00e9 a Cidade Sol, vista de cima &#8211; Parte 01[\/vc_column_text][\/vc_column][\/vc_row][vc_row][vc_column width=&#8221;1\/3&#8243;]<div id=\"cz_67546\" class=\"cz_67546 cz_video_popup clr cz_video_popup_c\"><div><div class=\"cz_vp_c\"><a href=\"https:\/\/www.youtube.com\/watch?v=-dPoa7U-0LQ&amp;t=2s\"><img decoding=\"async\" loading=\"lazy\" src=\"https:\/\/img.youtube.com\/vi\/-dPoa7U-0LQ\/sddefault.jpg\" class=\"\" width=\"500\" height=\"500\" alt=\"image\" \/><div class=\"cz_vp_inner\"><span><i class=\"fa fa-play\"><\/i><\/span><\/div><\/a><\/div><\/div><\/div>[vc_column_text css=&#8221;&#8221;]Anivers\u00e1rio * Dom Paulo Romeu Bispo da Diocese de Jequi\u00e9-Ba 20\/08\/2024[\/vc_column_text][\/vc_column][vc_column width=&#8221;1\/3&#8243;]<div id=\"cz_82393\" class=\"cz_82393 cz_video_popup clr cz_video_popup_c\"><div><div class=\"cz_vp_c\"><a href=\"https:\/\/www.youtube.com\/watch?v=XYUCW2YyMug&amp;t=4s\"><img decoding=\"async\" loading=\"lazy\" src=\"https:\/\/img.youtube.com\/vi\/XYUCW2YyMug\/sddefault.jpg\" class=\"\" width=\"500\" height=\"500\" alt=\"image\" \/><div class=\"cz_vp_inner\"><span><i class=\"fa fa-play\"><\/i><\/span><\/div><\/a><\/div><\/div><\/div>[vc_column_text css=&#8221;&#8221;]Radialista Marluce Botelho + Vamos Rezar &#8211; 17\/09\/2024[\/vc_column_text][\/vc_column][vc_column width=&#8221;1\/3&#8243;]<div id=\"cz_81602\" class=\"cz_81602 cz_video_popup clr cz_video_popup_c\"><div><div class=\"cz_vp_c\"><a href=\"https:\/\/www.youtube.com\/watch?v=uJ30RB33uhg&amp;t=3s\"><img decoding=\"async\" loading=\"lazy\" src=\"https:\/\/img.youtube.com\/vi\/uJ30RB33uhg\/sddefault.jpg\" class=\"\" width=\"500\" height=\"500\" alt=\"image\" \/><div class=\"cz_vp_inner\"><span><i class=\"fa fa-play\"><\/i><\/span><\/div><\/a><\/div><\/div><\/div>[vc_column_text css=&#8221;&#8221;]Pe. Juvan Celestino &#8211; Gotas de Esperan\u00e7a &#8211; ELA MUITO AMOU &#8211; 27\/10\/24[\/vc_column_text][\/vc_column][\/vc_row]<\/p>\n<\/div>","protected":false},"excerpt":{"rendered":"<p>[vc_row][vc_column width=&#8221;1\/3&#8243;][\/vc_column][vc_column width=&#8221;1\/3&#8243;][\/vc_column][vc_column width=&#8221;1\/3&#8243;][vc_column_text css=&#8221;&#8221;]Quarta-feira de Cinzas na Catedral de Santo &#8230; <\/p>\n","protected":false},"author":1,"featured_media":0,"parent":0,"menu_order":6,"comment_status":"closed","ping_status":"closed","template":"","meta":{"rs_blank_template":"","rs_page_bg_color":"","slide_template_v7":"","footnotes":""},"class_list":["post-1268","page","type-page","status-publish","hentry"],"_links":{"self":[{"href":"https:\/\/www.reportercatolico.com.br\/radio\/site\/wp-json\/wp\/v2\/pages\/1268","targetHints":{"allow":["GET"]}}],"collection":[{"href":"https:\/\/www.reportercatolico.com.br\/radio\/site\/wp-json\/wp\/v2\/pages"}],"about":[{"href":"https:\/\/www.reportercatolico.com.br\/radio\/site\/wp-json\/wp\/v2\/types\/page"}],"author":[{"embeddable":true,"href":"https:\/\/www.reportercatolico.com.br\/radio\/site\/wp-json\/wp\/v2\/users\/1"}],"replies":[{"embeddable":true,"href":"https:\/\/www.reportercatolico.com.br\/radio\/site\/wp-json\/wp\/v2\/comments?post=1268"}],"version-history":[{"count":0,"href":"https:\/\/www.reportercatolico.com.br\/radio\/site\/wp-json\/wp\/v2\/pages\/1268\/revisions"}],"wp:attachment":[{"href":"https:\/\/www.reportercatolico.com.br\/radio\/site\/wp-json\/wp\/v2\/media?parent=1268"}],"curies":[{"name":"wp","href":"https:\/\/api.w.org\/{rel}","templated":true}]}}