{"id":1675,"date":"2025-06-27T10:53:57","date_gmt":"2025-06-27T13:53:57","guid":{"rendered":"https:\/\/www.reportercatolico.com.br\/radio\/site\/?page_id=1675"},"modified":"2025-12-14T17:22:36","modified_gmt":"2025-12-14T20:22:36","slug":"oracao-em-familia","status":"publish","type":"page","link":"https:\/\/www.reportercatolico.com.br\/radio\/site\/oracao-em-familia\/","title":{"rendered":"Ora\u00e7\u00e3o em Fam\u00edlia"},"content":{"rendered":"<div class=\"wpb-content-wrapper\"><p>[vc_row css=&#8221;.vc_custom_1751053382737{margin-top: -60px !important;}&#8221;][vc_column width=&#8221;5\/6&#8243;]<div class=\"cz_gap clr  hide_on_tablet hide_on_mobile\" style=\"height: 0px\"><\/div><div class=\"cz_gap show_on_tablet clr  show_only_tablet\" style=\"height: 0px\"><\/div><div class=\"cz_gap show_on_mobile clr\" style=\"height: 30px\"><\/div><div id=\"cz_12181\" data-position=\"top-right\" class=\"cz_12181 cz_image clr cz_image_no_fx center_on_mobile\"><div class=\"\" ><div class=\"cz_image_in\"><div class=\"cz_main_image\"><img fetchpriority=\"high\" loading=\"eager\" decoding=\"sync\" data-no-lazy=\"1\" width=\"1300\" height=\"100\" src=\"https:\/\/www.reportercatolico.com.br\/radio\/site\/wp-content\/uploads\/2025\/06\/anuncie_aqui_meio.jpg\" class=\"attachment-full\" alt=\"Anuncie aqui meio\" title=\"\" srcset=\"https:\/\/www.reportercatolico.com.br\/radio\/site\/wp-content\/uploads\/2025\/06\/anuncie_aqui_meio.jpg 1300w, https:\/\/www.reportercatolico.com.br\/radio\/site\/wp-content\/uploads\/2025\/06\/anuncie_aqui_meio-300x23.jpg 300w, https:\/\/www.reportercatolico.com.br\/radio\/site\/wp-content\/uploads\/2025\/06\/anuncie_aqui_meio-1024x79.jpg 1024w, https:\/\/www.reportercatolico.com.br\/radio\/site\/wp-content\/uploads\/2025\/06\/anuncie_aqui_meio-768x59.jpg 768w, https:\/\/www.reportercatolico.com.br\/radio\/site\/wp-content\/uploads\/2025\/06\/anuncie_aqui_meio-600x46.jpg 600w\" sizes=\"(max-width: 1300px) 100vw, 1300px\"  \/><\/div><\/div><\/div><\/div>[\/vc_column][vc_column width=&#8221;1\/6&#8243;]<div class=\"cz_gap clr  hide_on_tablet hide_on_mobile\" style=\"height: 20px\"><\/div><div class=\"cz_gap show_on_tablet clr  show_only_tablet\" style=\"height: 0px\"><\/div><div class=\"cz_gap show_on_mobile clr\" style=\"height: 10px\"><\/div><a href=\"https:\/\/www.reportercatolico.com.br\/radio\/site\/contato\/\"><div id=\"cz_51837\" data-position=\"top-right\" class=\"cz_51837 cz_image clr cz_image_no_fx center_on_mobile\"><div class=\"\" ><div class=\"cz_image_in\"><div class=\"cz_main_image\"><img decoding=\"async\" width=\"252\" height=\"80\" src=\"https:\/\/www.reportercatolico.com.br\/radio\/site\/wp-content\/uploads\/2025\/06\/doe.png\" class=\"attachment-full\" alt=\"Doe\" title=\"\" loading=\"lazy\" \/><\/div><\/div><\/div><\/div><\/a><div class=\"cz_gap clr  hide_on_tablet hide_on_mobile\" style=\"height: 20px\"><\/div><div class=\"cz_gap show_on_tablet clr  show_only_tablet\" style=\"height: 0px\"><\/div><div class=\"cz_gap show_on_mobile clr\" style=\"height: 30px\"><\/div>[\/vc_column][\/vc_row][vc_row css=&#8221;.vc_custom_1750959549609{margin-top: -35px !important;}&#8221;][vc_column width=&#8221;1\/3&#8243;]<div id=\"cz_69561\" data-position=\"top-right\" class=\"cz_69561 cz_image clr cz_image_no_fx center_on_mobile\"><div class=\"\" ><div class=\"cz_image_in\"><div class=\"cz_main_image\"><img decoding=\"async\" width=\"600\" height=\"400\" src=\"https:\/\/www.reportercatolico.com.br\/radio\/site\/wp-content\/uploads\/2025\/06\/oracao_em_familia.jpg\" class=\"attachment-full\" alt=\"Oracao em familia\" title=\"\" srcset=\"https:\/\/www.reportercatolico.com.br\/radio\/site\/wp-content\/uploads\/2025\/06\/oracao_em_familia.jpg 600w, https:\/\/www.reportercatolico.com.br\/radio\/site\/wp-content\/uploads\/2025\/06\/oracao_em_familia-300x200.jpg 300w\" sizes=\"auto, (max-width: 600px) 100vw, 600px\" loading=\"lazy\" \/><\/div><\/div><\/div><\/div>[vc_column_text css=&#8221;.vc_custom_1751032485739{margin-top: 10px !important;margin-bottom: 0px !important;}&#8221;]<\/p>\n<p style=\"text-align: center;\"><strong>Ora\u00e7\u00e3o em Fam\u00edlia<\/strong><\/p>\n<p>[\/vc_column_text][vc_column_text css=&#8221;.vc_custom_1765743399133{margin-bottom: 0px !important;}&#8221;][\/vc_column_text][\/vc_column][vc_column width=&#8221;1\/3&#8243;]<div id=\"cz_69561\" data-position=\"top-right\" class=\"cz_69561 cz_image clr cz_image_no_fx center_on_mobile\"><div class=\"\" ><div class=\"cz_image_in\"><div class=\"cz_main_image\"><img decoding=\"async\" width=\"600\" height=\"400\" src=\"https:\/\/www.reportercatolico.com.br\/radio\/site\/wp-content\/uploads\/2025\/06\/oracao_em_familia.jpg\" class=\"attachment-full\" alt=\"Oracao em familia\" title=\"\" srcset=\"https:\/\/www.reportercatolico.com.br\/radio\/site\/wp-content\/uploads\/2025\/06\/oracao_em_familia.jpg 600w, https:\/\/www.reportercatolico.com.br\/radio\/site\/wp-content\/uploads\/2025\/06\/oracao_em_familia-300x200.jpg 300w\" sizes=\"auto, (max-width: 600px) 100vw, 600px\" loading=\"lazy\" \/><\/div><\/div><\/div><\/div>[vc_column_text css=&#8221;.vc_custom_1751032490802{margin-top: 10px !important;margin-bottom: 0px !important;}&#8221;]<\/p>\n<p style=\"text-align: center;\"><span style=\"font-size: 15px;\"><strong>Ora\u00e7\u00e3o em Fam\u00edlia<\/strong><\/span><\/p>\n<p>[\/vc_column_text][vc_column_text css=&#8221;.vc_custom_1765743509041{margin-bottom: 0px !important;}&#8221;][\/vc_column_text][\/vc_column][vc_column width=&#8221;1\/3&#8243;]<div id=\"cz_69561\" data-position=\"top-right\" class=\"cz_69561 cz_image clr cz_image_no_fx center_on_mobile\"><div class=\"\" ><div class=\"cz_image_in\"><div class=\"cz_main_image\"><img decoding=\"async\" width=\"600\" height=\"400\" src=\"https:\/\/www.reportercatolico.com.br\/radio\/site\/wp-content\/uploads\/2025\/06\/oracao_em_familia.jpg\" class=\"attachment-full\" alt=\"Oracao em familia\" title=\"\" srcset=\"https:\/\/www.reportercatolico.com.br\/radio\/site\/wp-content\/uploads\/2025\/06\/oracao_em_familia.jpg 600w, https:\/\/www.reportercatolico.com.br\/radio\/site\/wp-content\/uploads\/2025\/06\/oracao_em_familia-300x200.jpg 300w\" sizes=\"auto, (max-width: 600px) 100vw, 600px\" loading=\"lazy\" \/><\/div><\/div><\/div><\/div>[vc_column_text css=&#8221;.vc_custom_1751032490802{margin-top: 10px !important;margin-bottom: 0px !important;}&#8221;]<\/p>\n<p style=\"text-align: center;\"><span style=\"font-size: 15px;\"><strong>Ora\u00e7\u00e3o em Fam\u00edlia<\/strong><\/span><\/p>\n<p>[\/vc_column_text][vc_column_text css=&#8221;.vc_custom_1765743742978{margin-bottom: 0px !important;}&#8221;][\/vc_column_text][\/vc_column][\/vc_row][vc_row][vc_column]<div class=\"cz_gap clr  hide_on_tablet hide_on_mobile\" style=\"height: 10px\"><\/div><div class=\"cz_gap show_on_tablet clr  show_only_tablet\" style=\"height: 0px\"><\/div><div class=\"cz_gap show_on_mobile clr\" style=\"height: 0px\"><\/div>[\/vc_column][\/vc_row]<\/p>\n<\/div>","protected":false},"excerpt":{"rendered":"<p>[vc_row css=&#8221;.vc_custom_1751053382737{margin-top: -60px !important;}&#8221;][vc_column width=&#8221;5\/6&#8243;][\/vc_column][vc_column width=&#8221;1\/6&#8243;][\/vc_column][\/vc_row][vc_row css=&#8221;.vc_custom_1750959549609{margin-top: -35px !important;}&#8221;][vc_column width=&#8221;1\/3&#8243;][vc_column_text css=&#8221;.vc_custom_1751032485739{margin-top: &#8230; <\/p>\n","protected":false},"author":1,"featured_media":0,"parent":0,"menu_order":5,"comment_status":"closed","ping_status":"closed","template":"","meta":{"rs_blank_template":"","rs_page_bg_color":"","slide_template_v7":"","footnotes":""},"class_list":["post-1675","page","type-page","status-publish","hentry"],"_links":{"self":[{"href":"https:\/\/www.reportercatolico.com.br\/radio\/site\/wp-json\/wp\/v2\/pages\/1675","targetHints":{"allow":["GET"]}}],"collection":[{"href":"https:\/\/www.reportercatolico.com.br\/radio\/site\/wp-json\/wp\/v2\/pages"}],"about":[{"href":"https:\/\/www.reportercatolico.com.br\/radio\/site\/wp-json\/wp\/v2\/types\/page"}],"author":[{"embeddable":true,"href":"https:\/\/www.reportercatolico.com.br\/radio\/site\/wp-json\/wp\/v2\/users\/1"}],"replies":[{"embeddable":true,"href":"https:\/\/www.reportercatolico.com.br\/radio\/site\/wp-json\/wp\/v2\/comments?post=1675"}],"version-history":[{"count":0,"href":"https:\/\/www.reportercatolico.com.br\/radio\/site\/wp-json\/wp\/v2\/pages\/1675\/revisions"}],"wp:attachment":[{"href":"https:\/\/www.reportercatolico.com.br\/radio\/site\/wp-json\/wp\/v2\/media?parent=1675"}],"curies":[{"name":"wp","href":"https:\/\/api.w.org\/{rel}","templated":true}]}}

Oração em Família

<div class="wpb-content-wrapper"><p>[vc_row css=&#8221;.vc_custom_1751053382737{margin-top: -60px !important;}&#8221;][vc_column width=&#8221;5/6&#8243;]<div class="cz_gap clr  hide_on_tablet hide_on_mobile" style="height: 0px"></div><div class="cz_gap show_on_tablet clr  show_only_tablet" style="height: 0px"></div><div class="cz_gap show_on_mobile clr" style="height: 30px"></div><div id="cz_12181" data-position="top-right" class="cz_12181 cz_image clr cz_image_no_fx center_on_mobile"><div class="" ><div class="cz_image_in"><div class="cz_main_image"><img fetchpriority="high" loading="eager" decoding="sync" data-no-lazy="1" width="1300" height="100" src="https://www.reportercatolico.com.br/radio/site/wp-content/uploads/2025/06/anuncie_aqui_meio.jpg" class="attachment-full" alt="Anuncie aqui meio" title="" srcset="https://www.reportercatolico.com.br/radio/site/wp-content/uploads/2025/06/anuncie_aqui_meio.jpg 1300w, https://www.reportercatolico.com.br/radio/site/wp-content/uploads/2025/06/anuncie_aqui_meio-300x23.jpg 300w, https://www.reportercatolico.com.br/radio/site/wp-content/uploads/2025/06/anuncie_aqui_meio-1024x79.jpg 1024w, https://www.reportercatolico.com.br/radio/site/wp-content/uploads/2025/06/anuncie_aqui_meio-768x59.jpg 768w, https://www.reportercatolico.com.br/radio/site/wp-content/uploads/2025/06/anuncie_aqui_meio-600x46.jpg 600w" sizes="(max-width: 1300px) 100vw, 1300px"  /></div></div></div></div>[/vc_column][vc_column width=&#8221;1/6&#8243;]<div class="cz_gap clr  hide_on_tablet hide_on_mobile" style="height: 20px"></div><div class="cz_gap show_on_tablet clr  show_only_tablet" style="height: 0px"></div><div class="cz_gap show_on_mobile clr" style="height: 10px"></div><a href="https://www.reportercatolico.com.br/radio/site/contato/"><div id="cz_51837" data-position="top-right" class="cz_51837 cz_image clr cz_image_no_fx center_on_mobile"><div class="" ><div class="cz_image_in"><div class="cz_main_image"><img decoding="async" width="252" height="80" src="https://www.reportercatolico.com.br/radio/site/wp-content/uploads/2025/06/doe.png" class="attachment-full" alt="Doe" title="" loading="lazy" /></div></div></div></div></a><div class="cz_gap clr  hide_on_tablet hide_on_mobile" style="height: 20px"></div><div class="cz_gap show_on_tablet clr  show_only_tablet" style="height: 0px"></div><div class="cz_gap show_on_mobile clr" style="height: 30px"></div>[/vc_column][/vc_row][vc_row css=&#8221;.vc_custom_1750959549609{margin-top: -35px !important;}&#8221;][vc_column width=&#8221;1/3&#8243;]<div id="cz_69561" data-position="top-right" class="cz_69561 cz_image clr cz_image_no_fx center_on_mobile"><div class="" ><div class="cz_image_in"><div class="cz_main_image"><img decoding="async" width="600" height="400" src="https://www.reportercatolico.com.br/radio/site/wp-content/uploads/2025/06/oracao_em_familia.jpg" class="attachment-full" alt="Oracao em familia" title="" srcset="https://www.reportercatolico.com.br/radio/site/wp-content/uploads/2025/06/oracao_em_familia.jpg 600w, https://www.reportercatolico.com.br/radio/site/wp-content/uploads/2025/06/oracao_em_familia-300x200.jpg 300w" sizes="auto, (max-width: 600px) 100vw, 600px" loading="lazy" /></div></div></div></div>[vc_column_text css=&#8221;.vc_custom_1751032485739{margin-top: 10px !important;margin-bottom: 0px !important;}&#8221;]</p>
<p style="text-align: center;"><strong>Oração em Família</strong></p>
<p>[/vc_column_text][vc_column_text css=&#8221;.vc_custom_1765743399133{margin-bottom: 0px !important;}&#8221;][/vc_column_text][/vc_column][vc_column width=&#8221;1/3&#8243;]<div id="cz_69561" data-position="top-right" class="cz_69561 cz_image clr cz_image_no_fx center_on_mobile"><div class="" ><div class="cz_image_in"><div class="cz_main_image"><img decoding="async" width="600" height="400" src="https://www.reportercatolico.com.br/radio/site/wp-content/uploads/2025/06/oracao_em_familia.jpg" class="attachment-full" alt="Oracao em familia" title="" srcset="https://www.reportercatolico.com.br/radio/site/wp-content/uploads/2025/06/oracao_em_familia.jpg 600w, https://www.reportercatolico.com.br/radio/site/wp-content/uploads/2025/06/oracao_em_familia-300x200.jpg 300w" sizes="auto, (max-width: 600px) 100vw, 600px" loading="lazy" /></div></div></div></div>[vc_column_text css=&#8221;.vc_custom_1751032490802{margin-top: 10px !important;margin-bottom: 0px !important;}&#8221;]</p>
<p style="text-align: center;"><span style="font-size: 15px;"><strong>Oração em Família</strong></span></p>
<p>[/vc_column_text][vc_column_text css=&#8221;.vc_custom_1765743509041{margin-bottom: 0px !important;}&#8221;][/vc_column_text][/vc_column][vc_column width=&#8221;1/3&#8243;]<div id="cz_69561" data-position="top-right" class="cz_69561 cz_image clr cz_image_no_fx center_on_mobile"><div class="" ><div class="cz_image_in"><div class="cz_main_image"><img decoding="async" width="600" height="400" src="https://www.reportercatolico.com.br/radio/site/wp-content/uploads/2025/06/oracao_em_familia.jpg" class="attachment-full" alt="Oracao em familia" title="" srcset="https://www.reportercatolico.com.br/radio/site/wp-content/uploads/2025/06/oracao_em_familia.jpg 600w, https://www.reportercatolico.com.br/radio/site/wp-content/uploads/2025/06/oracao_em_familia-300x200.jpg 300w" sizes="auto, (max-width: 600px) 100vw, 600px" loading="lazy" /></div></div></div></div>[vc_column_text css=&#8221;.vc_custom_1751032490802{margin-top: 10px !important;margin-bottom: 0px !important;}&#8221;]</p>
<p style="text-align: center;"><span style="font-size: 15px;"><strong>Oração em Família</strong></span></p>
<p>[/vc_column_text][vc_column_text css=&#8221;.vc_custom_1765743742978{margin-bottom: 0px !important;}&#8221;][/vc_column_text][/vc_column][/vc_row][vc_row][vc_column]<div class="cz_gap clr  hide_on_tablet hide_on_mobile" style="height: 10px"></div><div class="cz_gap show_on_tablet clr  show_only_tablet" style="height: 0px"></div><div class="cz_gap show_on_mobile clr" style="height: 0px"></div>[/vc_column][/vc_row]</p>
</div>
