{"id":7,"date":"2025-06-21T08:24:41","date_gmt":"2025-06-21T11:24:41","guid":{"rendered":"http:\/\/xtratheme.comconstruction\/?page_id=6"},"modified":"2025-07-07T19:03:54","modified_gmt":"2025-07-07T22:03:54","slug":"quem-somos","status":"publish","type":"page","link":"https:\/\/www.reportercatolico.com.br\/radio\/site\/quem-somos\/","title":{"rendered":"Quem Somos"},"content":{"rendered":"<div class=\"wpb-content-wrapper\"><p>[vc_row full_width=&#8221;stretch_row&#8221; css=&#8221;.vc_custom_1576755424907{background-position: 0 0 !important;background-repeat: no-repeat !important;}&#8221;][vc_column width=&#8221;1\/2&#8243;]<div id=\"cz_93819\" class=\"cz_93819 cz_title clr cz_mobile_text_center cz_title_pos_inline\"><div class=\"cz_title_shape shape_image cz_shape_1\"><img decoding=\"async\" loading=\"lazy\" src=\"https:\/\/www.reportercatolico.com.br\/radio\/site\/wp-content\/plugins\/codevz-plus\/assets\/img\/p.svg\" class=\"xtra-placeholder \" width=\"1000\" height=\"1000\" alt=\"image\" \/><\/div><div class=\"cz_title_content\"><div class=\"cz_wpe_content\"><h2>Nossa miss\u00e3o \u00e9 evangelizar<\/h2>\n<\/div><\/div><\/div><div class=\"cz_gap clr  hide_on_mobile\" style=\"height: 40px\"><\/div><div class=\"cz_gap show_on_mobile clr\" style=\"height: 30px\"><\/div>[vc_column_text css=&#8221;&#8221;]Somos uma equipe dedicada a fornecer informa\u00e7\u00f5es atualizadas e relevantes para nossos leitores. Com uma abordagem profissional e \u00e9tica, buscamos destacar as not\u00edcias mais importantes do dia a dia, oferecendo um conte\u00fado claro e acess\u00edvel para todos.<\/p>\n<p style=\"text-align: center;\"><strong>Valdivino Gon\u00e7alves N. Filho (amigo Vado)<\/strong><br \/>\nRadialista comunicador de Cristo &#8211; DRT6619\/BA<\/p>\n<p>[\/vc_column_text][\/vc_column][vc_column width=&#8221;1\/2&#8243;]<div class=\"cz_gap clr  hide_on_tablet hide_on_mobile\" style=\"height: 0px\"><\/div><div class=\"cz_gap show_on_tablet clr  show_only_tablet\" style=\"height: 0px\"><\/div><div class=\"cz_gap show_on_mobile clr\" style=\"height: 50px\"><\/div><div id=\"cz_67714\" data-position=\"top-right\" class=\"cz_67714 cz_image clr cz_image_no_fx center_on_mobile\"><div class=\"\" ><div class=\"cz_image_in\"><div class=\"cz_main_image\"><img fetchpriority=\"high\" loading=\"eager\" decoding=\"sync\" data-no-lazy=\"1\" width=\"800\" height=\"701\" src=\"https:\/\/www.reportercatolico.com.br\/radio\/site\/wp-content\/uploads\/2025\/07\/radio.jpg\" class=\"attachment-full\" alt=\"Radio\" title=\"\" srcset=\"https:\/\/www.reportercatolico.com.br\/radio\/site\/wp-content\/uploads\/2025\/07\/radio.jpg 800w, https:\/\/www.reportercatolico.com.br\/radio\/site\/wp-content\/uploads\/2025\/07\/radio-300x263.jpg 300w, https:\/\/www.reportercatolico.com.br\/radio\/site\/wp-content\/uploads\/2025\/07\/radio-768x673.jpg 768w, https:\/\/www.reportercatolico.com.br\/radio\/site\/wp-content\/uploads\/2025\/07\/radio-600x526.jpg 600w\" sizes=\"(max-width: 800px) 100vw, 800px\"  \/><\/div><\/div><\/div><\/div>[\/vc_column][\/vc_row]<\/p>\n<\/div>","protected":false},"excerpt":{"rendered":"<p>[vc_row full_width=&#8221;stretch_row&#8221; css=&#8221;.vc_custom_1576755424907{background-position: 0 0 !important;background-repeat: no-repeat !important;}&#8221;][vc_column width=&#8221;1\/2&#8243;][vc_column_text css=&#8221;&#8221;]Somos uma &#8230; <\/p>\n","protected":false},"author":1,"featured_media":0,"parent":0,"menu_order":2,"comment_status":"closed","ping_status":"closed","template":"","meta":{"rs_blank_template":"","rs_page_bg_color":"","slide_template_v7":"","footnotes":""},"class_list":["post-7","page","type-page","status-publish","hentry"],"_links":{"self":[{"href":"https:\/\/www.reportercatolico.com.br\/radio\/site\/wp-json\/wp\/v2\/pages\/7","targetHints":{"allow":["GET"]}}],"collection":[{"href":"https:\/\/www.reportercatolico.com.br\/radio\/site\/wp-json\/wp\/v2\/pages"}],"about":[{"href":"https:\/\/www.reportercatolico.com.br\/radio\/site\/wp-json\/wp\/v2\/types\/page"}],"author":[{"embeddable":true,"href":"https:\/\/www.reportercatolico.com.br\/radio\/site\/wp-json\/wp\/v2\/users\/1"}],"replies":[{"embeddable":true,"href":"https:\/\/www.reportercatolico.com.br\/radio\/site\/wp-json\/wp\/v2\/comments?post=7"}],"version-history":[{"count":0,"href":"https:\/\/www.reportercatolico.com.br\/radio\/site\/wp-json\/wp\/v2\/pages\/7\/revisions"}],"wp:attachment":[{"href":"https:\/\/www.reportercatolico.com.br\/radio\/site\/wp-json\/wp\/v2\/media?parent=7"}],"curies":[{"name":"wp","href":"https:\/\/api.w.org\/{rel}","templated":true}]}}

<div class="wpb-content-wrapper"><p>[vc_row full_width=&#8221;stretch_row&#8221; css=&#8221;.vc_custom_1576755424907{background-position: 0 0 !important;background-repeat: no-repeat !important;}&#8221;][vc_column width=&#8221;1/2&#8243;]<div id="cz_93819" class="cz_93819 cz_title clr cz_mobile_text_center cz_title_pos_inline"><div class="cz_title_shape shape_image cz_shape_1"><img decoding="async" loading="lazy" src="https://www.reportercatolico.com.br/radio/site/wp-content/plugins/codevz-plus/assets/img/p.svg" class="xtra-placeholder " width="1000" height="1000" alt="image" /></div><div class="cz_title_content"><div class="cz_wpe_content"><h2>Nossa missão é evangelizar</h2>
</div></div></div><div class="cz_gap clr  hide_on_mobile" style="height: 40px"></div><div class="cz_gap show_on_mobile clr" style="height: 30px"></div>[vc_column_text css=&#8221;&#8221;]Somos uma equipe dedicada a fornecer informações atualizadas e relevantes para nossos leitores. Com uma abordagem profissional e ética, buscamos destacar as notícias mais importantes do dia a dia, oferecendo um conteúdo claro e acessível para todos.</p>
<p style="text-align: center;"><strong>Valdivino Gonçalves N. Filho (amigo Vado)</strong><br />
Radialista comunicador de Cristo &#8211; DRT6619/BA</p>
<p>[/vc_column_text][/vc_column][vc_column width=&#8221;1/2&#8243;]<div class="cz_gap clr  hide_on_tablet hide_on_mobile" style="height: 0px"></div><div class="cz_gap show_on_tablet clr  show_only_tablet" style="height: 0px"></div><div class="cz_gap show_on_mobile clr" style="height: 50px"></div><div id="cz_67714" data-position="top-right" class="cz_67714 cz_image clr cz_image_no_fx center_on_mobile"><div class="" ><div class="cz_image_in"><div class="cz_main_image"><img fetchpriority="high" loading="eager" decoding="sync" data-no-lazy="1" width="800" height="701" src="https://www.reportercatolico.com.br/radio/site/wp-content/uploads/2025/07/radio.jpg" class="attachment-full" alt="Radio" title="" srcset="https://www.reportercatolico.com.br/radio/site/wp-content/uploads/2025/07/radio.jpg 800w, https://www.reportercatolico.com.br/radio/site/wp-content/uploads/2025/07/radio-300x263.jpg 300w, https://www.reportercatolico.com.br/radio/site/wp-content/uploads/2025/07/radio-768x673.jpg 768w, https://www.reportercatolico.com.br/radio/site/wp-content/uploads/2025/07/radio-600x526.jpg 600w" sizes="(max-width: 800px) 100vw, 800px"  /></div></div></div></div>[/vc_column][/vc_row]</p>
</div>
